539499379 prime?
True
Is 381715 a composite number?
True
Is 705120151 a prime number?
False
Is 12071875259 prime?
True
Is 135604613 prime?
False
Is 11810633269 a composite number?
False
Is 997143649 composite?
False
Is 3743596667 prime?
False
Is 6500023213 prime?
True
Is 4988125013 a prime number?
False
Is 25138447559 prime?
True
Is 699459487 a prime number?
False
Is 1274475743 a prime number?
True
Is 31647435623 a composite number?
True
Is 94502877389 a prime number?
False
Is 6342495763 a composite number?
False
Is 2020270919 a composite number?
False
Is 108920653 composite?
False
Is 32194872427 prime?
False
Is 811939481 prime?
False
Is 122140951 prime?
False
Is 38490541217 composite?
True
Is 5771303651 a composite number?
False
Is 4654378013 a prime number?
True
Is 379241981 composite?
False
Is 1333950797 a composite number?
False
Is 703900907 a composite number?
False
Is 378706219 a composite number?
False
Is 39192281989 a composite number?
True
Is 314389987 a prime number?
True
Is 2496447137 composite?
False
Is 55312003645 composite?
True
Is 340763 composite?
True
Is 55658496161 a prime number?
False
Is 13405818919 a prime number?
True
Is 675818183 prime?
False
Is 176850283677 a prime number?
False
Is 475057097 prime?
False
Is 119587901 a prime number?
True
Is 730577741 a composite number?
False
Is 1178632459 prime?
True
Is 7707694273 a composite number?
False
Is 1205625581 prime?
True
Is 1926836207 prime?
True
Is 111099481 prime?
True
Is 645082019 a prime number?
True
Is 9556632355 a prime number?
False
Is 20678511907 a composite number?
False
Is 513300889 composite?
True
Is 985836898 a composite number?
True
Is 27263123917 a prime number?
True
Is 5719725413 composite?
True
Is 13195338121 a composite number?
True
Is 12252628613 composite?
False
Is 8316501257 a composite number?
True
Is 6345725663 prime?
False
Is 143097569159 prime?
True
Is 2068238954 prime?
False
Is 7819733693 composite?
False
Is 3900579245 composite?
True
Is 423552923 composite?
False
Is 8891749 a composite number?
True
Is 3774214546 composite?
True
Is 10745771329 prime?
True
Is 4280203073 prime?
False
Is 26811481181 a composite number?
False
Is 221301449 prime?
True
Is 3386965781 prime?
False
Is 1143968147 a composite number?
True
Is 57713072501 composite?
True
Is 1294711493 a composite number?
False
Is 223997231 composite?
False
Is 7447039207 prime?
True
Is 1701820889 composite?
False
Is 174865517 prime?
True
Is 1053808113 prime?
False
Is 57425061851 a prime number?
False
Is 383613469 a prime number?
True
Is 795545759 composite?
False
Is 589679207 a prime number?
False
Is 775940663 a prime number?
False
Is 202750799 a prime number?
True
Is 154342780027 prime?
True
Is 152839727 prime?
True
Is 1444593991 composite?
False
Is 2100334361 a prime number?
True
Is 31395787301 composite?
False
Is 1679403349 a composite number?
True
Is 8922686959 composite?
False
Is 11835958141 a composite number?
True
Is 3894753077 prime?
True
Is 105894817 prime?
False
Is 24550486633 a composite number?
False
Is 2356291807 composite?
False
Is 81387737 a composite number?
False
Is 4373175067 a prime number?
True
Is 15786936097 a prime number?
True
Is 13989731153 composite?
False
Is 1240941161 a prime number?
True
Is 917793337 a prime number?
True
Is 659421047 prime?
True
Is 2111658149 composite?
False
Is 619065373 composite?
False
Is 183313853 a prime number?
True
Is 55961137289 a prime number?
True
Is 179234479 composite?
False
Is 29551713427 a prime number?
False
Is 132161311 a prime number?
True
Is 150683909 composite?
False
Is 4036102879 a prime number?
True
Is 85761944305 prime?
False
Is 135879362 a prime number?
False
Is 1061497001 a composite number?
True
Is 40156979 a prime number?
True
Is 19525199 a prime number?
False
Is 1156999771 a composite number?
False
Is 10794610111 prime?
True
Is 4592799023 prime?
False
Is 607746091 composite?
True
Is 1410877817 prime?
True
Is 994537543 a prime number?
True
Is 5791415219 prime?
True
Is 1022380367 a prime number?
False
Is 9618203 composite?
True
Is 15381381179 a prime number?
True
Is 6674376914 prime?
False
Is 25778507 a prime number?
True
Is 81759421 prime?
False
Is 2265610855 composite?
True
Is 848920447 prime?
True
Is 1189465051 prime?
True
Is 44950869397 composite?
True
Is 628954447 a composite number?
True
Is 50459712371 a composite number?
False
Is 555081601 prime?
False
Is 1854315719 composite?
False
Is 1980834643 a composite number?
False
Is 23239844401 a composite number?
True
Is 302498633 composite?
True
Is 344259323 a composite number?
False
Is 14678607803 a composite number?
True
Is 102249733 prime?
False
Is 180611411 composite?
True
Is 177337501783 prime?
False
Is 66631002187 prime?
False
Is 986747027 a prime number?
False
Is 602749811 composite?
True
Is 41373217229 prime?
True
Is 39736890763 prime?
False
Is 15673532467 prime?
False
Is 2097818099 a prime number?
False
Is 8594967551 a prime number?
False
Is 897416929 prime?
True
Is 124595869 a prime number?
True
Is 1757683462 prime?
False
Is 2569716602 a prime number?
False
Is 23666666951 a composite number?
False
Is 3118158679 a composite number?
False
Is 3790479157 prime?
False
Is 3085278977 a composite number?
True
Is 667971569 composite?
False
Is 262430807 prime?
False
Is 7555498607 a prime number?
True
Is 17094638401 prime?
True
Is 116974957 a prime number?
False
Is 4054650659 prime?
False
Is 618190559 composite?
True
Is 1350107453 a composite number?
True
Is 20442054421 composite?
True
Is 1403259533 composite?
True
Is 246319597 composite?
False
Is 6324771485 a prime number?
False
Is 88449737 prime?
True
Is 14322565067 a composite number?
True
Is 2289771373 a composite number?
True
Is 4238525029 prime?
True
Is 193930441 prime?
False
Is 365214403 prime?
True
Is 1002801799 a composite number?
True
Is 6943060939 prime?
True
Is 17327734223 a composite number?
True
Is 3302214143 a composite number?
False
Is 229445605 composite?
True
Is 19521810679 composite?
True
Is 184532203 a composite number?
False
Is 453200113 prime?
False
Is 5086052797 a composite number?
True
Is 6061775297 prime?
True
Is 2827099499 a prime number?
False
Is 5029271101 composite?
True
Is 638555011 composite?
False
Is 10780052683 prime?
False
Is 1269330253 prime?
True
Is 6591680177 a composite number?
True
Is 3313341131 composite?
False
Is 4231913937 a composite number?
True
Is 14181623 a composite number?
False
Is 3066753761 composite?
True
Is 209490917 prime?
True
Is 4438180559 a prime number?
False
Is 36386568523 composite?
True
Is 39838643291 composite?
False
Is 6236243011 prime?
True
Is 13822893407 a prime number?
False
Is 96212309 a composite number?
False
Is 3155318281 prime?
False
Is 3043806349 a composite number?
True
Is 2438829553 a prime number?
False
Is 29038667 prime?
False
Is 979995613 a composite number?
False
Is 20982458829 prime?
False
Is 1340319017 composite?
False
Is 1566280279 a composite number?
True
Is 10678798907 a composite number?
True
Is 138879889 a composite number?
True
Is 22679416007 a composite number?
False
Is 98637947 prime?
False
Is 4896842201 prime?
False
Is 797895559 composite?
False
Is 2914016109 a composite number?
True
Is 1398994139 a composite number?
True
Is 17245514431 a prime number?
False
Is 863370922 composite?
True
Is 52811807813 a prime number?
True
Is 3635592007 composite?
False
Is 62916300943 a composite number?
True
Is 3968233981 composite?
True
Is 17621782261 composite?
True
Is 6528914533 prime?
False
Is 2618142841 a prime number?
True
Is 2176126571 a composite number?
False
Is 3428818609 composite?
False
Is 214154579073 a composite number?
True
Is 3244582093 composite?
False
Is 2187319009 a composite number?
True
Is 264219991 a prime number?
False
Is 96183869 composite?
False
Is 180736429 composite?
True
Is 9408621 prime?
False
Is 35408942819 a composite number?
True
Is 515753681 composite?
True
Is 20744212513 composite?
False
Is 4354571827 composite?
True
Is 4845762853 composite?
False
Is 307560371 a composite number?
True
Is 2841654667 composite?
True
Is 38266620167 a composite number?
True
Is 14138006453 prime?
False
Is 9802361 prime?
False
Is 39788843 a composite number?
False
Is 52883431 a prime number?
False
Is 18621817967 prime?
True
Is 2702266859 compo